[INFO] fetching crate elastic_lens 0.1.8...
[INFO] checking elastic_lens-0.1.8 against master#9610dfe5a9a731ced1ea4923ecbd0c57fe367898 for beta-170-4
[INFO] extracting crate elastic_lens 0.1.8 into /workspace/builds/worker-2-tc1/source
[INFO] validating manifest of crates.io crate elastic_lens 0.1.8 on toolchain 9610dfe5a9a731ced1ea4923ecbd0c57fe367898
[INFO] running `Command { std: CARGO_HOME="/workspace/cargo-home" RUSTUP_HOME="/workspace/rustup-home" "/workspace/cargo-home/bin/cargo" "+9610dfe5a9a731ced1ea4923ecbd0c57fe367898" "metadata" "--manifest-path" "Cargo.toml" "--no-deps", kill_on_drop: false }`
[INFO] started tweaking crates.io crate elastic_lens 0.1.8
[INFO] removed 0 missing examples
[INFO] finished tweaking crates.io crate elastic_lens 0.1.8
[INFO] tweaked toml for crates.io crate elastic_lens 0.1.8 written to /workspace/builds/worker-2-tc1/source/Cargo.toml
[INFO] crate crates.io crate elastic_lens 0.1.8 already has a lockfile, it will not be regenerated
[INFO] running `Command { std: CARGO_HOME="/workspace/cargo-home" RUSTUP_HOME="/workspace/rustup-home" "/workspace/cargo-home/bin/cargo" "+9610dfe5a9a731ced1ea4923ecbd0c57fe367898" "fetch" "--manifest-path" "Cargo.toml", kill_on_drop: false }`
[INFO] [stderr]     Updating crates.io index
[INFO] [stderr]  Downloading crates ...
[INFO] [stderr]   Downloaded async-trait v0.1.61
[INFO] [stderr]   Downloaded elasticsearch v8.5.0-alpha.1
[INFO] [stderr]   Downloaded arraystring v0.3.0
[INFO] [stderr]   Downloaded elasticsearch v7.14.0-alpha.1
[INFO] [stderr]   Downloaded elastic_lens_offical_es7 v7.14.0
[INFO] [stderr]   Downloaded elastic_lens_offical_es8 v8.5.0
[INFO] [stderr]   Downloaded tokio v1.24.1
[INFO] running `Command { std: "docker" "create" "-v" "/var/lib/crater-agent-workspace/builds/worker-2-tc1/target:/opt/rustwide/target:rw,Z" "-v" "/var/lib/crater-agent-workspace/builds/worker-2-tc1/source:/opt/rustwide/workdir:ro,Z" "-v" "/var/lib/crater-agent-workspace/cargo-home:/opt/rustwide/cargo-home:ro,Z" "-v" "/var/lib/crater-agent-workspace/rustup-home:/opt/rustwide/rustup-home:ro,Z" "-e" "SOURCE_DIR=/opt/rustwide/workdir" "-e" "CARGO_TARGET_DIR=/opt/rustwide/target" "-e" "CARGO_HOME=/opt/rustwide/cargo-home" "-e" "RUSTUP_HOME=/opt/rustwide/rustup-home" "-w" "/opt/rustwide/workdir" "-m" "1610612736" "--user" "0:0" "--network" "none" "ghcr.io/rust-lang/crates-build-env/linux@sha256:19e73879b68f455e41552ea35293514db52ea292d993f571636dbffedb77a1ee" "/opt/rustwide/cargo-home/bin/cargo" "+9610dfe5a9a731ced1ea4923ecbd0c57fe367898" "metadata" "--no-deps" "--format-version=1", kill_on_drop: false }`
[INFO] [stdout] 0c26b5e4d621b69366926001f333082d4b3ee9d8e80b6c3a99e53de1cc8ce1fb
[INFO] running `Command { std: "docker" "start" "-a" "0c26b5e4d621b69366926001f333082d4b3ee9d8e80b6c3a99e53de1cc8ce1fb", kill_on_drop: false }`
[INFO] running `Command { std: "docker" "inspect" "0c26b5e4d621b69366926001f333082d4b3ee9d8e80b6c3a99e53de1cc8ce1fb", kill_on_drop: false }`
[INFO] running `Command { std: "docker" "rm" "-f" "0c26b5e4d621b69366926001f333082d4b3ee9d8e80b6c3a99e53de1cc8ce1fb", kill_on_drop: false }`
[INFO] [stdout] 0c26b5e4d621b69366926001f333082d4b3ee9d8e80b6c3a99e53de1cc8ce1fb
[INFO] running `Command { std: "docker" "create" "-v" "/var/lib/crater-agent-workspace/builds/worker-2-tc1/target:/opt/rustwide/target:rw,Z" "-v" "/var/lib/crater-agent-workspace/builds/worker-2-tc1/source:/opt/rustwide/workdir:ro,Z" "-v" "/var/lib/crater-agent-workspace/cargo-home:/opt/rustwide/cargo-home:ro,Z" "-v" "/var/lib/crater-agent-workspace/rustup-home:/opt/rustwide/rustup-home:ro,Z" "-e" "SOURCE_DIR=/opt/rustwide/workdir" "-e" "CARGO_TARGET_DIR=/opt/rustwide/target" "-e" "CARGO_INCREMENTAL=0" "-e" "RUST_BACKTRACE=full" "-e" "RUSTFLAGS=--cap-lints=forbid" "-e" "RUSTDOCFLAGS=--cap-lints=forbid" "-e" "CARGO_HOME=/opt/rustwide/cargo-home" "-e" "RUSTUP_HOME=/opt/rustwide/rustup-home" "-w" "/opt/rustwide/workdir" "-m" "1610612736" "--user" "0:0" "--network" "none" "ghcr.io/rust-lang/crates-build-env/linux@sha256:19e73879b68f455e41552ea35293514db52ea292d993f571636dbffedb77a1ee" "/opt/rustwide/cargo-home/bin/cargo" "+9610dfe5a9a731ced1ea4923ecbd0c57fe367898" "check" "--frozen" "--all" "--all-targets" "--message-format=json", kill_on_drop: false }`
[INFO] [stdout] 72c84eece82f1d35ed011c3340c8285cee0edbe6b4181de76710438cb6a3266c
[INFO] running `Command { std: "docker" "start" "-a" "72c84eece82f1d35ed011c3340c8285cee0edbe6b4181de76710438cb6a3266c", kill_on_drop: false }`
[INFO] [stderr]    Compiling proc-macro2 v1.0.49
[INFO] [stderr]    Compiling quote v1.0.23
[INFO] [stderr]    Compiling unicode-ident v1.0.6
[INFO] [stderr]    Compiling syn v1.0.107
[INFO] [stderr]    Compiling libc v0.2.139
[INFO] [stderr]    Compiling serde_derive v1.0.152
[INFO] [stderr]     Checking cfg-if v1.0.0
[INFO] [stderr]    Compiling log v0.4.17
[INFO] [stderr]    Compiling serde v1.0.152
[INFO] [stderr]    Compiling parking_lot_core v0.9.5
[INFO] [stderr]     Checking scopeguard v1.1.0
[INFO] [stderr]    Compiling memchr v2.5.0
[INFO] [stderr]    Compiling serde_json v1.0.91
[INFO] [stderr]     Checking smallvec v1.10.0
[INFO] [stderr]    Compiling lock_api v0.4.9
[INFO] [stderr]    Compiling thiserror v1.0.38
[INFO] [stderr]    Compiling async-trait v0.1.61
[INFO] [stderr]    Compiling tokio v1.24.1
[INFO] [stderr]     Checking itoa v1.0.5
[INFO] [stderr]     Checking ryu v1.0.12
[INFO] [stderr]     Checking arraystring v0.3.0
[INFO] [stderr]     Checking bytes v1.3.0
[INFO] [stderr]     Checking num_cpus v1.15.0
[INFO] [stderr]     Checking signal-hook-registry v1.4.0
[INFO] [stderr]     Checking socket2 v0.4.7
[INFO] [stderr]     Checking mio v0.8.5
[INFO] [stderr]     Checking parking_lot v0.12.1
[INFO] [stderr]    Compiling thiserror-impl v1.0.38
[INFO] [stderr]    Compiling tokio-macros v1.8.2
[INFO] [stderr]     Checking elastic_lens v0.1.8 (/opt/rustwide/workdir)
[INFO] [stdout] error[E0432]: unresolved import `elastic_lens::client::DefaultAdapter`
[INFO] [stdout]  --> examples/sample_code.rs:5:26
[INFO] [stdout]   |
[INFO] [stdout] 5 |         client::{Client, DefaultAdapter},
[INFO] [stdout]   |                          ^^^^^^^^^^^^^^ no `DefaultAdapter` in `client`
[INFO] [stdout] 
[INFO] [stdout] 
[INFO] [stdout] error[E0599]: no function or associated item named `default_builder` found for struct `elastic_lens::client::Client` in the current scope
[INFO] [stdout]  --> examples/filter_aggs.rs:6:26
[INFO] [stdout]   |
[INFO] [stdout] 6 |     let client = Client::default_builder()
[INFO] [stdout]   |                          ^^^^^^^^^^^^^^^ function or associated item not found in `Client<_>`
[INFO] [stdout] 
[INFO] [stdout] 
[INFO] [stdout] error[E0599]: no function or associated item named `default_builder` found for struct `elastic_lens::client::Client` in the current scope
[INFO] [stdout]  --> examples/multi_search.rs:8:26
[INFO] [stdout]   |
[INFO] [stdout] 8 |     let client = Client::default_builder()
[INFO] [stdout]   |                          ^^^^^^^^^^^^^^^ function or associated item not found in `Client<_>`
[INFO] [stdout] 
[INFO] [stdout] 
[INFO] [stdout] error: aborting due to previous error
[INFO] [stdout] 
[INFO] [stdout] 
[INFO] [stdout] For more information about this error, try `rustc --explain E0599`.
[INFO] [stdout] 
[INFO] [stdout] error[E0599]: no function or associated item named `default_builder` found for struct `elastic_lens::client::Client` in the current scope
[INFO] [stdout]  --> examples/fetch_a_document.rs:9:26
[INFO] [stdout]   |
[INFO] [stdout] 9 |     let client = Client::default_builder()
[INFO] [stdout]   |                          ^^^^^^^^^^^^^^^ function or associated item not found in `Client<_>`
[INFO] [stdout] 
[INFO] [stdout] 
[INFO] [stderr] error: could not compile `elastic_lens` (example "filter_aggs") due to 2 previous errors
[INFO] [stderr] warning: build failed, waiting for other jobs to finish...
[INFO] [stdout] error: aborting due to previous error
[INFO] [stdout] 
[INFO] [stdout] 
[INFO] [stdout] For more information about this error, try `rustc --explain E0599`.
[INFO] [stdout] 
[INFO] [stdout] error[E0599]: no function or associated item named `default_builder` found for struct `elastic_lens::client::Client` in the current scope
[INFO] [stdout]  --> examples/simple_search.rs:9:26
[INFO] [stdout]   |
[INFO] [stdout] 9 |     let client = Client::default_builder()
[INFO] [stdout]   |                          ^^^^^^^^^^^^^^^ function or associated item not found in `Client<_>`
[INFO] [stdout] 
[INFO] [stdout] 
[INFO] [stdout] error: aborting due to previous error
[INFO] [stdout] 
[INFO] [stdout] 
[INFO] [stdout] For more information about this error, try `rustc --explain E0599`.
[INFO] [stdout] 
[INFO] [stdout] error[E0599]: no function or associated item named `default_builder` found for struct `elastic_lens::client::Client` in the current scope
[INFO] [stdout]  --> examples/script_sort.rs:9:26
[INFO] [stdout]   |
[INFO] [stdout] 9 |     let client = Client::default_builder()
[INFO] [stdout]   |                          ^^^^^^^^^^^^^^^ function or associated item not found in `Client<_>`
[INFO] [stdout] 
[INFO] [stdout] 
[INFO] [stdout] error[E0599]: no function or associated item named `default_builder` found for struct `elastic_lens::client::Client` in the current scope
[INFO] [stdout]  --> examples/simple_aggs.rs:9:26
[INFO] [stdout]   |
[INFO] [stdout] 9 |     let client = Client::default_builder()
[INFO] [stdout]   |                          ^^^^^^^^^^^^^^^ function or associated item not found in `Client<_>`
[INFO] [stdout] 
[INFO] [stdout] 
[INFO] [stdout] error[E0599]: no function or associated item named `default_builder` found for struct `elastic_lens::client::Client` in the current scope
[INFO] [stdout]  --> examples/simple_sort.rs:9:26
[INFO] [stdout]   |
[INFO] [stdout] 9 |     let client = Client::default_builder()
[INFO] [stdout]   |                          ^^^^^^^^^^^^^^^ function or associated item not found in `Client<_>`
[INFO] [stdout] 
[INFO] [stdout] 
[INFO] [stderr] error: could not compile `elastic_lens` (example "multi_search") due to 2 previous errors
[INFO] [stderr] error: could not compile `elastic_lens` (example "fetch_a_document") due to 2 previous errors
[INFO] [stdout] error: aborting due to previous error
[INFO] [stdout] 
[INFO] [stdout] 
[INFO] [stdout] error: aborting due to previous error
[INFO] [stdout] 
[INFO] [stdout] 
[INFO] [stdout] For more information about this error, try `rustc --explain E0599`.
[INFO] [stdout] 
[INFO] [stdout] For more information about this error, try `rustc --explain E0599`.
[INFO] [stdout] 
[INFO] [stdout] error: aborting due to previous error
[INFO] [stdout] 
[INFO] [stdout] 
[INFO] [stdout] For more information about this error, try `rustc --explain E0599`.
[INFO] [stdout] 
[INFO] [stdout] error: aborting due to previous error
[INFO] [stdout] 
[INFO] [stdout] 
[INFO] [stdout] For more information about this error, try `rustc --explain E0599`.
[INFO] [stdout] 
[INFO] [stderr] error: could not compile `elastic_lens` (example "simple_search") due to 2 previous errors
[INFO] [stderr] error: could not compile `elastic_lens` (example "simple_sort") due to 2 previous errors
[INFO] [stderr] error: could not compile `elastic_lens` (example "simple_aggs") due to 2 previous errors
[INFO] [stderr] error: could not compile `elastic_lens` (example "script_sort") due to 2 previous errors
[INFO] [stdout] error[E0599]: no function or associated item named `default_builder` found for struct `elastic_lens::client::Client` in the current scope
[INFO] [stdout]   --> examples/sample_code.rs:10:20
[INFO] [stdout]    |
[INFO] [stdout] 10 |         Ok(Client::default_builder()
[INFO] [stdout]    |                    ^^^^^^^^^^^^^^^ function or associated item not found in `Client<_>`
[INFO] [stdout] 
[INFO] [stdout] 
[INFO] [stdout] error: aborting due to 2 previous errors
[INFO] [stdout] 
[INFO] [stdout] 
[INFO] [stdout] Some errors have detailed explanations: E0432, E0599.
[INFO] [stdout] 
[INFO] [stdout] For more information about an error, try `rustc --explain E0432`.
[INFO] [stdout] 
[INFO] [stderr] error: could not compile `elastic_lens` (example "sample_code") due to 3 previous errors
[INFO] running `Command { std: "docker" "inspect" "72c84eece82f1d35ed011c3340c8285cee0edbe6b4181de76710438cb6a3266c", kill_on_drop: false }`
[INFO] running `Command { std: "docker" "rm" "-f" "72c84eece82f1d35ed011c3340c8285cee0edbe6b4181de76710438cb6a3266c", kill_on_drop: false }`
[INFO] [stdout] 72c84eece82f1d35ed011c3340c8285cee0edbe6b4181de76710438cb6a3266c
